hat is u(13)?
15
Suppose 63*a + 168 = -84. Let h(z) = 11*z + 16. Determine h(a).
-28
Let f(a) be the first derivative of a**3/3 - 7*a**2 + 45*a - 161. Give f(12).
21
Let y(i) = i**3 - 23*i**2 + i - 13. Suppose 2*j + 96 = 4*u + 12, 4*u + 4*j - 108 = 0. What is y(u)?
10
Let c(k) be the first derivative of k**4/4 + 17*k**3/3 + 14*k - 212. What is c(-17)?
14
Let b(g) be the third derivative of -g**4/24 - 3*g**3/2 + 2*g**2. Let s be b(-12). Let f(x) = x - 2*x**2 + 2 + s*x**2 + 5*x. Determine f(-5).
-3
Let z(t) be the second derivative of 3/2*t**2 - 138*t + 1/2*t**3 + 0. Calculate z(4).
15
Let l(k) = 2*k + 14. Suppose -2*q + 2*m = 22, 5*q - 2*m = -3*m - 25. Let d be l(q). Let v(h) = -d - 9 + h - 1 - 2*h. Determine v(-5).
-7
Let t = 94 - 88. Suppose t*r - 3 - 15 = 0. Let z(o) = -o**3 + 3*o**2 + 3*o + 3. Give z(r).
12
Let x(i) = i**3 - 10*i**2 - 16*i + 4. Let g(u) = -u**3 + 8*u**2 + 14*u - 3. Let m(a) = 7*a + 384. Let r be m(-54). Let o(v) = r*x(v) + 7*g(v). Give o(-3).
-12
Let u(r) = -9*r + 16. Let c = -10502 - -10504. Calculate u(c).
-2
Let c = 10 - 18. Let u(a) = 3*a**3 - 12*a**2 + 4*a - 1. Let l(r) = -2 + 5*r**3 - 8*r**2 + 7*r + 12*r**2 - 27*r**2. Let t(j) = 4*l(j) - 7*u(j). Give t(c).
-1
Let z(m) be the first derivative of m**2/2 + 2*m + 225. Let y(x) = 5*x + 6. Let f(w) = -y(w) - 2*z(w). Calculate f(-2).
4
Let p(n) be the third derivative of -n**6/360 - 7*n**5/60 - 7*n**4/12 + 53*n**3/3 - 52*n**2. Let s(k) be the first derivative of p(k). Calculate s(-10).
26
Let l(v) = -v**2 - 22*v - 68. Suppose 0*f = 2*f + 36. Let h be l(f). Let p(w) = -4*w + 3. Let a(r) = -r + 1. Let g(y) = -3*a(y) + p(y). What is g(h)?
-4
Let s(w) = -6*w + 41. Let p(m) = 3*m - 21. Let a(h) = -7*p(h) - 3*s(h). Let r(x) = 4*x**2 - 5*x + 4. Let t be r(2). What is a(t)?
-6
Let t(x) = -3*x**2 + 5*x - 2. Let m(a) = -238*a**2 - a**3 + 265*a**2 + 28 - 51*a + 0*a**3. Let u be m(25). Give t(u).
-14
Let q(x) = -11*x + 70. Let n(c) = -c**2 - 12*c + 34. Let l be n(-14). Let v be q(l). Let o(b) = b**2 + b - 3. Calculate o(v).
17
Let h(l) = l**2 - 2*l - 6. Suppose 2*f + 14 = 4*f - 3*j, -3*f + 3*j + 21 = 0. Suppose -f*w = w - 40. What is h(w)?
9
Let q = 1289 - 796. Let s(a) = -2 - q*a - 491*a + 991*a. Give s(-1).
-9
Let w(c) = -29*c - 57. Let g(k) = -62*k - 113. Let z(o) = -2*g(o) + 5*w(o). What is z(-3)?
4
Let i(k) be the third derivative of k**5/60 + k**4/4 + 13*k**3/6 - 4*k**2 - 28*k. Give i(-3).
4
Let r(u) = 245 + 232 - 745 - 2*u + 213. What is r(-24)?
-7
Let b(h) = -2*h + 7. Let v be ((-2415)/6)/(-7)*(2 + 0). Let m = 45 - v. Let z = 64 + m. Give b(z).
19
Let l be (-1 + 8/6)/((-134)/(-4422)). Suppose 2252 = l*v + 2120. Let w(c) = 0*c**2 - 3*c**2 + 11*c + 2*c**2. Calculate w(v).
-12
Let f = -5347 - -5374. Let i(o) = o - 43. Determine i(f).
-16
Let s(h) = -10 - 3*h - 3*h + h**2 + 2. Suppose 195*k - 1107 - 6 = 252. What is s(k)?
-1
Let x be (-2460)/(-20) + (-6)/(-2). Let p(i) = -2*i - i + 125 + 0*i - x. Give p(-1).
2
Let v = -12972 - -12991. Let x(o) = 4*o - 30. What is x(v)?
46
Let r = -20 + 111. Suppose 93 - r = -u. Let c(v) = -8*v + 1. Give c(u).
17
Let w(m) = -85*m - 86*m + 53 + 168*m. Give w(22).
-13
Let s(l) = 38*l - 486. Let i(r) = -r + 44. Let c(o) = 16*i(o) + s(o). Give c(-10).
-2
Let j = 2126 + -2127. Let b(v) = -10*v - 8. Determine b(j).
2
Let t be -13 + -12 + (69 - 34). Let u(c) be the first derivative of -c**3/3 + 6*c**2 - 15*c - 2. Determine u(t).
5
Let d(j) = 17*j**2 - j. Let s(q) = -4 - 3 - 12 + 1 + 5*q. Let o be s(-6). Let x be 4/(-3)*o/64. Determine d(x).
16
Let c(m) = 14*m - 2. Let w be -50*(-29)/870*(-6)/(-10). What is c(w)?
12
Let p(c) be the third derivative of -c**5/60 - c**4/24 - c**3/6 + 2*c**2 + 257. Give p(-1).
-1
Let j(b) = -b + 24. Let n be 340/(-5)*1/(-2). Suppose -24 + n = m. Give j(m).
14
Suppose 3*p - 6 = -m, 6*p + 2 = -5*m + 7*p. Let b(u) = u**2 - u - 27. Give b(m).
-27
Suppose -j = 3*t + 35, -23 = 3*t + 704*j - 709*j. Let r(l) = -2*l - 15. Let b(a) = -4*a - 29. Let p(g) = 2*b(g) - 5*r(g). Determine p(t).
-5
Let s(v) be the first derivative of 1/3*v**3 - 54 + 5*v - 7/2*v**2. Determine s(6).
-1
Let f(l) = 2*l**2 + 4. Let h = -226 + 224. Let u(p) = p**3 + 2*p**2 + 4*p + 10. Let b be u(h). Give f(b).
12
Let l(f) = 2*f**2 + 13*f + 1. Let b(k) = -1955*k + 7813. Let g be b(4). What is l(g)?
8
Let o(x) = -x**3 - x**2 + 2*x + 12. Let s be o(0). Let b(w) = -10 - 4 - 8*w**2 + 36*w + w**3 - 25*w - 21*w - 3*w**2. What is b(s)?
10
Suppose 33 = -27*j + 18*j + 20*j. Let b(w) = -w + 2. Let d be b(0). Suppose -3*s - 8 = k, -j*k = -6*s + d*s - 28. Let r(n) = -2*n**2 - 3*n + 1. Give r(s).
-19
Let s(c) be the first derivative of -1/24*c**4 + 2/3*c**3 - 3 + c**2 + 0*c. Let p(v) be the second derivative of s(v). Determine p(0).
4
Let t(k) = -67230*k**3 + 13*k + 33615*k**3 - 24 + 3*k**2 + 33614*k**3. What is t(5)?
-9
Let d = 419 + -423. Let w(x) = -x + 13. Let k(q) = 12. Let y(g) = d*w(g) + 5*k(g). Give y(-8).
-24
Let j(b) = -353*b**3 - 11*b**2 + 15*b + 41. Let l(p) = -647*p**3 - 23*p**2 + 30*p + 80. Let v(k) = -11*j(k) + 6*l(k). Calculate v(16).
13
Suppose 0 = -11*o + 5*o + 24. Suppose 4*j = 5*j - 3*s + o, -5*s = -10. Let n(f) = 13*f - 1 - f**j + 14 + 3 + 2*f**2. Give n(-11).
-6
Let o(q) = 2*q - 10. Let v(f) = -5*f + 21. Let l(c) = 7*o(c) + 3*v(c). Let p = -106259 - -106253. Give l(p).
-1
Suppose 0 = y, -3*l = -3*y - y - 42. Let d(q) = 5*q - 21 + l + 15 - 2*q**2 + q**2. Let w = 12 + -6. Determine d(w).
2
Let l(q) be the first derivative of 4*q**3/3 - 5*q**2/2 + q + 8. Let g(x) = -3*x**2 + 4*x - 2. Let n(o) = 5*g(o) + 4*l(o). Determine n(0).
-6
Let z(c) be the first derivative of -c**4/4 + 5*c**3/3 + 3*c**2/2 + 2*c + 1922. Determine z(5).
17
Let d(k) = 105*k - 104*k - 14*k**3 + 6*k**3. Let a = -46 + 49. Suppose -x - 14 = -2*x + a*p, -2*x = p + 7. What is d(x)?
7
Let n(a) = -2*a - 13. Suppose -i = 42*j - 37*j - 14, -4*j + 4 = 2*i. Suppose -6*c + c + 55 = 0. Suppose 2*m = -j, 9*s - 10*s - c = m. Calculate n(s).
5
Suppose 0*n + 27 = n - 4*p, 5*n - 25 = -2*p. Let r be 116/n + 0 + (-54)/(-126). Suppose -6*h = 19 + r. Let o(m) = m - 6. What is o(h)?
-12
Let o(z) = -6*z**2 - 182 + 4*z - 4*z**3 + 0*z**3 + 3*z**3 + 191 + 10*z**2. Give o(5).
4
Let q(u) be the second derivative of -u**5/20 + u**4/4 + u**3 + 2*u**2 - u. Suppose 417*k - 429*k + 29 = -31. Give q(k).
-16
Let l(u) = -u**3 + 14*u**2 - 9*u + 12. Suppose 2*k + 15 = w, 4*w = -0*w + k + 53. What is l(w)?
64
Let l(m) = m**2 + m + 1. Suppose -2*h + 1 = 2*p + 3, h + 11 = 4*p. Let s(j) = 13*j - 14 + 7*j**p - 8*j + 18 + 5*j. Let f(c) = 6*l(c) - s(c). Give f(-3).
5
Let v(z) = 11*z + 23. Let f(s) = 745*s - 15640. Let a be f(21). What is v(a)?
78
Suppose -4*a + 2*u + 110 = 0, -2*a + 2*u = -86 + 26. Suppose 3*w - 18 = 3*m, -10 = 3*w - a. Let z(t) = 10*t + 1. Give z(m).
-9
Let l(z) = -z + 1. Let i(j) = j**2 - 3*j - 8. Let c(m) = -m**2 - 45*m - 201. Let u be c(-5). Let t(q) = u*l(q) - i(q). Determine t(6).
-5
Let n(y) = y**2 - 3*y - 7. Let j be n(-3). Let s(v) be the second derivative of v**3 - 77*v**2/2 - 217*v. Let i be s(j). Let t(m) = m**2 + 10*m - 15. Give t(i).
-4
Let v(g) = g**3 - 16*g**2 - 18*g + 18. Let w be v(17). Let b(c) = w - 15*c - 4*c**2 + 5 - 13*c**2 + 19*c**2 - 3*c**2. Calculate b(-14).
20
Let i be (-34)/(-17) - 7*1. Let s(b) = 9*b + 28. Let v(n) = 4*n + 12. Let w(m) = 2*s(m) - 5*v(m). Determine w(i).
6
Let l(d) = 2*d**2 - 10*d - 3. Suppose 3*x - 55*s + 54*s = 9, 21 = 3*x + 3*s. Give l(x).
-11
Suppose 4*b - 38*b = 4*b - 190. Let a(d) = d**3 - 6*d**2 - 6*d + 6. Give a(b).
-49
Let m(a) = -25*a - 68. Let g(v) = 1302*v + 3534. Let b(z) = -6*g(z) - 310*m(z). Give b(-2).
0
Let n(v) = -v**3 + 3*v**2 + 9*v + 2. Let w be ((-2)/(-3))/(61/366). Suppose 5*t + x = -4*x + 30, -x + 21 = w*t. Determine n(t).
-3
Suppose 8*q - 23*q = -195. Let a(x) = 3*x - 11 + 2 + 10 - q. Calculate a(5).
3
Let o(n) = 8*n + 1. Let w be (-6)/(24/(-28))*(0 + 1). Let a(r) = -7*r. Let c(m) = w*a(m) + 6*o(m). Calculate c(-5).
11
Let r(i) = 4*i**3 + 2*i**2 + 2*i - 5. Let t(d) = d**3 - 48*d**2 + 197*d + 775. Let z be t(43). Calculate r(z).
3
Let o(i) = -26*i + 4*i**2 + 2*i**3 - 3 - 2*i**3 + 25*i - i**2 + i**3. Let c(a) = a - 7. Let b be c(3). Give o(b).
-15
Suppose -9*z = -4*z + 30. Let w(s) = 9*s + 4. Let r = -17 + 28. Let f(k) = 5*k + 2. Let u(q) = r*f(q) + z*w